w(3).
-6
Let p(g) = g**3 - 3*g**2 + 17*g + 13. Let l(n) = -2*n**3 + 3*n**2 - 35*n - 28. Let v(c) = 4*l(c) + 9*p(c). What is v(14)?
-9
Let t be -1 + 13/(182/56). Let c(l) be the second derivative of -1/4*l**4 - 2*l**2 + 0*l**t + 0 + 7*l + 1/20*l**5. Determine c(3).
-4
Let a(o) = -6*o - 4. Let m(p) = p**3 - 5*p**2 - 2*p + 7. Let v = 14 - 9. Let q be m(v). What is a(q)?
14
Let d(b) = b**2 - b + 1. Let n(v) = v**3 - 5*v**2 + v - 2. Let j be n(5). Suppose 0 = -j*g + 3*z + z - 43, -4*z + 1 = -g. Let f = g - -18. Determine d(f).
13
Let b(r) be the third derivative of -r**6/60 - r**5/20 - 2*r**2 - 6. Let z be 7/(-4) + (-4)/16. Determine b(z).
4
Suppose j + 12 = -f - j, -3*j - 11 = -2*f. Let z(x) = 6*x**2 + 3*x + 3. Give z(f).
21
Let g(u) be the second derivative of -u**6/120 + 7*u**5/60 - u**4/4 + u**3 + u**2/2 - 11*u. Let n(h) be the first derivative of g(h). Calculate n(6).
6
Let x = 71 - 41. Suppose 3*r - 7 = s + 4, -x = -2*r - 5*s. Let k(z) = z**2 - 6*z + 7. Determine k(r).
2
Let l(r) = -r - 1. Suppose 32 + 16 = -2*s. Let k(u) = -9*u - 8. Let c(n) = s*l(n) + 3*k(n). What is c(1)?
-3
Let w be (-45)/30 - (-12)/8. Let r(z) be the second derivative of w + 0*z**3 + 1/12*z**4 + 3/5*z**5 + z - 1/2*z**2. Give r(-1).
-12
Suppose -9 - 16 = -4*i - g, -5 = -5*g. Let h(a) = -3*a + 15. What is h(i)?
-3
Let a(w) = -5*w**2 + 2*w + 49*w**3 + 2*w**2 + 11 - 98*w**3 + 48*w**3 + 12*w. Give a(-5).
-9
Let y(p) = 3 + 2*p + 3 + p. Suppose 7*a - 3*a = -4*i, -2*i = -4*a + 30. What is y(i)?
-9
Let u = 654 - 641. Let n(b) = 2*b - 22. Calculate n(u).
4
Let r = 1652 + -1665. Let z(i) = i**2 + 12*i - 30. What is z(r)?
-17
Let d(q) = 3*q - 4. Let h(o) = -3*o - 27. Let c be h(-7). Give d(c).
-22
Let k be (0 - (-8)/(-2)) + 61. Let j(d) = 1 - 110*d + k*d + 54*d. Calculate j(-4).
-3
Let x(w) be the first derivative of 1/3*w**3 - 2*w - 57 - 5/2*w**2. What is x(5)?
-2
Let o(f) = -2*f + 2. Suppose 10*a - 2 = 8. Suppose 0 = -3*d - a + 10. Calculate o(d).
-4
Let f(h) be the first derivative of -1/6*h**3 - 2*h**2 - 5 - 3*h. Let v(s) be the first derivative of f(s). Give v(-7).
3
Let x = -4 - -9. Let q(t) = 7 - x + 2*t**2 - 2. Calculate q(1).
2
Suppose -m - 4*g = -39, 2*g = -0*m - 3*m + 67. Let v be (-1 + -5)/(m + -17). Let w(i) = -2*i**3 - 3*i**2 + 3*i - 2. Determine w(v).
16
Let k = -100 - -103. Suppose -18 - 3 = 4*a - o, k*o = 4*a + 23. Let i(x) = -x**2 - 6*x - 6. Determine i(a).
-1
Let h(q) = -q**2 + 13*q + 293. Let i be h(-12). Let l(w) = 2*w**2 + 11*w - 24. Determine l(i).
-3
Suppose -p + 4*p = 6. Let j(o) = 3*o**p - 26 + 25 + o**2. Give j(1).
3
Suppose 0*s - s - 6 = -2*q, 0 = -5*q - 4*s + 28. Let p = q + 0. Suppose k - p*k = 9. Let l(b) = -2*b**2 - 3*b + 4. Calculate l(k).
-5
Suppose g - 1 = -u, -2*g = 2*g + u - 13. Let f(q) = 2*q**2 + q**2 - g*q**2 + 2 + 2*q + 1. Calculate f(3).
0
Suppose 0 = -8*k - 10*k + 18. Let p(i) = 7*i**3 + i**2 - 2*i + 1. What is p(k)?
7
Let s(h) = -h**2 - 4 - 4 + 3 + 3 - 2*h. Let y(g) = g**2 - 15*g - 4. Let k be y(15). What is s(k)?
-10
Suppose -17*l + l = 16. Let s(c) = -4*c. What is s(l)?
4
Let h(b) = 3*b + 1. Let q(u) = -u**3 - 10*u**2 - 19*u - 11. Let k be q(-8). Let t(c) = -c**2 + 13*c - 1. Let l be t(k). Determine h(l).
-2
Let v(l) be the second derivative of -l**4/12 + 7*l**3/6 + 3*l**2/2 + l. Let x(h) = 11 + h**2 + h**3 + 3*h**2 - 26 - 3*h + 8. Let j be x(-2). Give v(j).
3
Let d(f) = 40*f**2 - 100*f**2 - 3*f**3 + 45*f**2 + 4*f**3 - 11 - 33*f. Determine d(17).
6
Let n = -85 + 88. Let u(h) = h**3 + h + 3*h**3 - 4*h**3 + n + 2*h**2 - h**3. Give u(3).
-3
Let o(n) = n + 6. Suppose -b - f + 9 = 0, -b = -6*b - f + 29. Suppose b*g + 27 - 2 = 0. Calculate o(g).
1
Suppose -42*p = -13*p - 29. Let q(v) = 9*v**2. Determine q(p).
9
Suppose 0 = 13*m - 9*m + 2*a + 22, 5*m = -2*a - 29. Let w(b) = b**2 + 8*b + 10. Calculate w(m).
3
Let u = -47 - -34. Let s = u - -12. Let z(t) = 2*t**3 + 4 - 1 - 2 + 2*t + t**2. Calculate z(s).
-2
Let k(l) be the first derivative of l**6/360 - l**5/120 + 11*l**4/24 - 20*l**3/3 + 22. Let i(b) be the third derivative of k(b). Determine i(0).
11
Let w(i) = i**3 + 14*i**2 - 12*i - 13. Let x be w(-15). Let f = 64 + x. Let b(s) = -s**2 + 8*s - 9. Determine b(f).
3
Let g(l) = 0*l - 1 - 2 - l. Suppose 84 = -4*b + 84. Suppose b = -v + 72 - 77. Determine g(v).
2
Let b(x) = 3*x**3 - 4*x**2 + 2*x. Let v = 9 + -6. Suppose 0 = -5*z - 2*a + 8, 2*a = -8*z + 7*z. Suppose r + z = 2*m + 1, -5*m + v*r = -1. Calculate b(m).
12
Let h(y) = -3*y**2 + 2*y - 3. Suppose 451*f - 441*f = 20. What is h(f)?
-11
Suppose 32*p + 46 = 33*p. Let j = p - 41. Let q(d) = -d**2 + 2*d - 4. Determine q(j).
-19
Let q = -3 + 5. Let i(f) be the second derivative of f**7/2520 + f**5/60 - 17*f**4/12 + 22*f. Let v(o) be the third derivative of i(o). Calculate v(q).
6
Let k(g) be the third derivative of g**5/6 + g**2. Suppose 0 = -5*h + 13 + 7. Let u be ((-4)/h)/(6 + -3 - 4). Determine k(u).
10
Let j(f) be the second derivative of f**8/6720 + f**7/840 + f**6/720 + f**5/120 - f**4/12 - 7*f. Let t(z) be the third derivative of j(z). Give t(-3).
-2
Let g(l) = -l**2 - 4*l + 8. Let k be g(-5). Let h(m) = 4*m - m**k + 5*m - 8*m + 2*m**2 + 0*m**3. Calculate h(-2).
14
Let w(l) = -56*l + 455. Let d be w(8). Let c(o) = -5*o**2 + 11*o - 5. Let f(m) = 11*m**2 - 23*m + 11. Let j(a) = 9*c(a) + 4*f(a). What is j(d)?
-1
Suppose 4*s = 3*s + 3. Let x(w) = 8 + s*w + 0*w - 7. Calculate x(1).
4
Let b = -821 - -810. Let n(p) = -p**3 - 10*p**2 + 10*p - 4. Give n(b).
7
Let y = 22 - 14. Let s be (5 - -1) + (y - 12). Suppose -17 = t + 3*x, 6*t - 2 = 2*t + s*x. Let q(v) = v + 1. Give q(t).
-1
Suppose 3*q + 3*q = -42. Let j(n) = -2*n - 7. Let k be j(q). Let i(y) = -5*y**2 + k + y**2 + y**3 - 2*y**2. What is i(6)?
7
Let l(b) = b**3 - 7*b**2 + 5*b + 5. Suppose 3*t - 33 = -3*j, 0*t + 49 = 5*j + 3*t. Let r be 48/j*(-1)/(-1). What is l(r)?
-1
Let d(j) = 11*j**3 + j**2 + j. Let y(c) = -3*c + 2. Let a be y(-1). Let m = 1 + a. Suppose -2*h = -p + 1 + m, 0 = -4*p + 20. Calculate d(h).
-11
Let t be 3 + (0 - -2*3/2). Let a(q) be the first derivative of -3*q - 1/3*q**3 - 2*q**2 - t. Determine a(-3).
0
Let l(q) = q**2 - 16*q + 29. Let m be l(14). Let y(j) = -4*j + 1. Let c be y(1). Let r = m - c. Let h(s) = -s**2 + 4*s - 4. Give h(r).
-4
Let b = 9 - 9. Let p = b + 3. Let v(q) = -q - q - 1 + 24*q**3 - 11*q**p. What is v(-1)?
-12
Let p be 154/(-44)*20/(-14). Suppose -d + 12 = -4*z - 5*d, z + 2*d + p = 0. Let r(q) = -2*q**3 + 2*q + 1. What is r(z)?
1
Let v = 339 + -340. Let j(o) = -25*o**2 - o - 1. What is j(v)?
-25
Let c = 7 + -8. Let f(u) be the third derivative of u**5/6 - u**4/24 - u**3/6 + u**2 - 18*u. What is f(c)?
10
Suppose 3*p = -d + 6, -5*d - 12 = -7*d - p. Let o = -5 + d. Let a(w) = 17*w + 2. Let t(k) = 39*k + 5. Let i(c) = -7*a(c) + 3*t(c). Determine i(o).
-1
Let c(r) = -36*r. Let u be ((-7)/(-21))/((-6)/18). Calculate c(u).
36
Suppose -31 = -4*j + 3*l, 4*l + 22 = 3*j - 10. Suppose m + 2*m - j*q = -45, 4*m + 56 = 4*q. Let h = 10 + m. Let x(b) = -5*b - 1. What is x(h)?
4
Suppose 5*d = -2*r - 10 - 18, 3*d - 4*r = 4. Let t(v) = 2*v**3 + 4*v**2 - 7*v - 10. Give t(d).
-46
Let b(r) = -84 + 3*r**2 + 111 - r**3 - 31 - r. Give b(3).
-7
Suppose -5*v + 13 = 3. Suppose 3*g + v*g = 0. Let y be -4 + 3 - (-2 + g). Let c(i) = 3*i**2 + 1. Give c(y).
4
Let i(a) = a**2 - 4*a - 37 + 15 + 18. Determine i(-3).
17
Let w(k) = 7*k - 24. Let m be w(3). Let j(f) = f**2 + 3*f + 4. Calculate j(m).
4
Suppose 0 = -2*t + 1 + 3. Suppose -5*k - 4*p = -7 - 6, -t*k - 5*p = 5. Let g(m) = -2*m**2 + m**2 + 1340*m - 3 - 1334*m. Calculate g(k).
2
Let z(k) = 5*k + 2. Let p(o) = -5*o + 38. Let n be p(8). Calculate z(n).
-8
Let v(m) = -m - 3. Let s be v(-9). Let x(j) = j**2 - 9*j + 19. Give x(s).
1
Let n(l) = -13*l + 8. Let a(y) = -4*y + 3. Let m = 23 + -26. Let s(p) = m*n(p) + 8*a(p). Give s(-1).
-7
Let s be -4*(3 + -4) + (2 - 1). Let i(m) = -7*m**3 + 5*m**2 + 7*m - 6. Let o(n) = -4*n**3 + 2*n**2 + 4*n - 3. Let z(r) = 3*i(r) - 5*o(r). Give z(s).
2
Let b be 0 - (-3 - -92) - 3. Let u be (-8)/(-12) + b/(-6). Suppose j - 6 = -y - y, -4*j = -2*y + u. Let d(g) = g**3 - g. Give d(j).
-6
Let g(i) = 11*i + 2. Let p(t) = -5*t - 1. Let q(z) = 4*g(z) + 9*p(z). Let d(u) = -u - 1. Let f(b) = 4*d(b) - q(b). Let v = 13 + -16. Determine f(v).
6
Let t(d) be the second de